e factors of s.
5
Suppose -2*z = -2 + 4. Let m(p) = 10*p**3 + 2*p**2 - 1. Let i be m(z). Let c = i + 18. What are the prime factors of c?
3
Let s = -36 - -53. What are the prime factors of s?
17
Let x(h) = h + 7. Let j(q) = q + 7. Let d(p) = 2*j(p) - 3*x(p). Let c be d(-4). What are the prime factors of 1 + -7*(c - -2)?
2
Let z(q) = -11*q - 1. Let l be z(-5). List the prime factors of 140/18 - (-12)/l.
2
Suppose -6 = -o + 5. List the prime factors of o.
11
Suppose -4*q + 21 = -3*q. Let g = -12 + q. List the prime factors of g.
3
Let k = -3 - -3. Suppose k = -4*n - b + 67, 5*n = 2*n - b + 49. What are the prime factors of n?
2, 3
Let p(l) be the second derivative of l**4/12 - 4*l**3/3 + 5*l**2 + 4*l. Let g be p(7). Suppose 4*h = -t + 6, -h = -g*h - 3*t - 2. List the prime factors of h.
2
Let w be 2/12 + (-46)/(-12). Suppose 18 = 2*h - w. List the prime factors of h.
11
Suppose 0 = 2*h - j + 21, -2*h + 5*j = -6*h - 35. Let m = h - -22. List the prime factors of m.
2, 3
Suppose 4*q - w = -4*w + 53, -15 = -5*w. Suppose 4 = -b + q. List the prime factors of b.
7
Suppose -x + 1 = 0, 4*x - 3 = 2*j + 1. Suppose 3*r + r - 12 = j. List the prime factors of r.
3
Suppose -g + 5 = 3, 19 = 5*u + 2*g. Suppose -u*n - 6 = -2*k, k + n = 2*k - 2. List the prime factors of (1 + -4)/(-1 - k).
3
Suppose 0 = -7*r + 48 + 64. What are the prime factors of r?
2
Let m = 183 - -62. Suppose p - 51 = -d, -7*p + 2*p + 5*d + m = 0. What are the prime factors of p?
2, 5
Let s(z) = z + 24. List the prime factors of s(-9).
3, 5
Suppose 2*k - 4*t - 116 = -2*k, 3*k = 2*t + 91. List the prime factors of k.
3, 11
Let b(i) = i**3 + 5*i**2 - 2*i - 7. Let l be b(-5). Let p be -1*(5 - l/(-3)). Let a = p - -17. List the prime factors of a.
11
Let m(h) = h + 11. Let g(w) = -1. Let z(j) = 3*g(j) + m(j). Let u be z(-6). Let b(c) = -c**3 + 2*c**2 + c. What are the prime factors of b(u)?
2
Suppose 5*t - 2*q - 15857 = 0, -2*t - 5*q + 15850 = 3*t. Let f be 6/(-10) - t/(-35). Suppose 0 = -3*s - 2*s + f. List the prime factors of s.
2, 3
Suppose 0 = -4*i + 8, -5*x - 2*i + 7*i = 35. Let u(l) be the third derivative of -l**4/24 + l**3/6 - 2*l**2. What are the prime factors of u(x)?
2, 3
Suppose -c = -0*c - 13. Let i = c + -23. Let r = 18 + i. What are the prime factors of r?
2
Suppose 3*r + r = m + 28, 4*r - 20 = -m. Suppose -r*b = -b - 10. Suppose 7 = b*k - k. List the prime factors of k.
7
Suppose 0 = -4*b + 3*b + 8. Let o be 0/(2*1/(-1)). Suppose o = -0*w + 4*w - b. List the prime factors of w.
2
Let c = 218 - -114. What are the prime factors of c?
2, 83
Let a = 7 - 3. Suppose h - 71 = -3*w, a*w = -h - h + 98. What are the prime factors of w?
2, 11
Suppose 3*k - 4*k + s = -16, 0 = -5*k + 2*s + 95. Let f = k + -4. What are the prime factors of f?
17
Let q(s) = 15*s**2 - 6*s - 15. List the prime factors of q(-3).
2, 3, 23
Let c be 478/10 + (-32)/40. Suppose -3*q = -c - 4. What are the prime factors of q?
17
Let o(k) = -k + 5. Suppose 20 = z - q + 4*q, 32 = 3*z + 2*q. Let g be o(z). Let j(r) = -r**2 - 6*r - 4. What are the prime factors of j(g)?
5
Let k = 5 + -32. Let w be 85*(-1 - k/15). What are the prime factors of (w/(-8))/(2/(-4))?
17
Let t(s) = s**3 + 4*s**2 - 3*s - 3. Let l be t(-4). Let y be 6/l + 25/3. What are the prime factors of 6/(-27) + 83/y?
3
Let g(u) = u**2 + 2*u - 4. Let h be g(-4). Suppose 2*t + 5*v = -17, h*t + v + v = 6. What are the prime factors of t?
2
Suppose 0 = 4*z - 5*a + 14 - 41, z - 4*a - 15 = 0. Suppose 3*p = z*x + 6, -5*p + 0*x = x - 22. List the prime factors of p.
2
Suppose 4*z + 0*z = -4*b + 144, -3*z = 2*b - 76. List the prime factors of b.
2
Suppose -8*x + 11*x + 3*d = 543, -5*x + d + 905 = 0. What are the prime factors of x?
181
Suppose 3*j + 2*q = 2*j + 8, -4*q + 16 = -5*j. Suppose 3*z - 2*z - 10 = -4*w, j = -2*w + 2*z. What are the prime factors of w*(-3)/(-6)*11?
11
Suppose 0 = 3*h, 35 = x - 2*h - 3*h. List the prime factors of x.
5, 7
Let b(y) = y**3 + 5*y**2 - 3*y - 4. List the prime factors of b(-4).
2, 3
Let y = -149 + 529. Suppose 5*g = y - 100. Suppose g = 4*n + 12. What are the prime factors of n?
11
What are the prime factors of ((-135)/6)/((-2)/4)?
3, 5
Let o(q) = -q + 7. Let j be o(5). Suppose -j*d = 4*k + 10, 3*d = -k - 0*d - 10. What are the prime factors of 1*(1 + k) + 18?
2, 3
Let o(k) = -k**3 - 2*k**2 - 4*k + 2. List the prime factors of o(-4).
2, 5
Let a(s) = 11*s - 1. Let f(o) be the second derivative of 7*o**3/6 - o**2/2 + o. Let j(g) = 5*a(g) - 8*f(g). What are the prime factors of j(-7)?
2, 5
What are the prime factors of -3 + 9 + -2 - -46?
2, 5
Let o = -7 + 8. Suppose -o + 26 = p. List the prime factors of p.
5
Suppose 3*v = 4*x + 97, -4*v = -x - 144 + 19. Let p = -17 + v. List the prime factors of p.
2, 7
Let m(q) = q - 5. Let n be m(7). Let l be -1 + -1 + (6 - n). Suppose 3*x = -c - 5, -5*x - l = 2*c + 5. List the prime factors of c.
2
Let v = -1 + 2. What are the prime factors of -2 + (2 - (-2 - v))?
3
Let q(k) = 20*k**3 - 3*k + 3. Let y(u) = 13*u**3 - 2*u + 2. Let c(m) = 5*q(m) - 7*y(m). What are the prime factors of c(1)?
3
Suppose -l + 2*r - 87 + 233 = 0, -5*r = -3*l + 443. List the prime factors of l.
2, 3, 13
Suppose 2*k = 6*k + 3*v - 58, -20 = -k + 2*v. List the prime factors of k.
2
Suppose -2*k - 8 = 4*a, a = -a - 5*k + 12. Suppose t + 3 = 3*i - 0*i, 5*t - 2*i = -28. Let z = a - t. What are the prime factors of z?
2
Suppose -d - 5*w - 20 = 0, -7*d + 2*d + 2*w - 208 = 0. Let u = -21 - d. List the prime factors of u.
19
Let s be (-2)/10 + 56/5. Suppose 2*l - 1 = s. List the prime factors of (-4)/l*(5 - 17).
2
What are the prime factors of 48/9 + (-20)/15?
2
Suppose -8*d = -6*d - 390. What are the prime factors of d?
3, 5, 13
Let j be 6/(-21) + 9/7. Let q = j - 3. Let o = q + 5. What are the prime factors of o?
3
Let f = -54 - -59. List the prime factors of f.
5
List the prime factors of 118*((-9)/6)/(-3).
59
Suppose 2*x + 3*h = 9, -5*h - 1 = 4*x - 18. Suppose 0 = -x*m - 0*m + 24. List the prime factors of ((-27)/3)/((-6)/m).
2, 3
Let w be 2 - ((-4)/4 + 3). Suppose 5*h + 0 - 3 = 4*t, w = 5*h - 3*t - 6. What are the prime factors of h?
3
Suppose -c + 19 = -2*z - 1, -3*c = -4*z - 36. Let s = z - -6. Let b = s - -10. What are the prime factors of b?
2
Let f be (-2)/8*(1 + -5). List the prime factors of f*(-1 - (2 + -10)).
7
Let i = 4 + 7. Suppose 3*q - i - 34 = 0. List the prime factors of q.
3, 5
Let l = 102 + 6. List the prime factors of l.
2, 3
Let n be (-3)/(-2) - (-3)/6. Suppose 4*u - 22 = -n. What are the prime factors of u?
5
Let q = 21 - 12. Let r(k) = -k**2 + 2*k - 1. Let u be r(1). Suppose -3*m + 21 + q = u. List the prime factors of m.
2, 5
Suppose 5*x = x + 28. Let t(y) = 2*y + 10. Let n be t(x). Suppose -4 = -h - 2*v, 0 = -5*h + 3*v + 22 + n. What are the prime factors of h?
2
Let w(b) = 2*b + 7. Let i(a) = 5*a + 14. Let q(t) = 4*i(t) - 9*w(t). Let s be q(5). Suppose s*r - 2 = 25. What are the prime factors of r?
3
Let b be 0 + 1 + (-44)/2. Let y be (2 - b) + 2/(-2). Let s = 34 - y. What are the prime factors of s?
2, 3
Let x be (-1 - -2)*1/1. Let w be (50 - 1) + x + -2. Suppose 6*b - w = 2*b. List the prime factors of b.
2, 3
Suppose 3 = s - 4. Suppose s + 16 = -3*r - 2*q, 0 = 4*r + 5*q + 26. Let v = -4 - r. List the prime factors of v.
5
Let z = 126 + -58. List the prime factors of z.
2, 17
Suppose 3*x = 6*x. List the prime factors of x + 26 + -3 + 3.
2, 13
Let t(f) = -f**3 - 6*f**2 - 1. Let i(w) = w**3 + 6*w**2 + 2*w + 6. Let n be i(-6). Let p be t(n). List the prime factors of 9/(p + -2)*-2.
2, 3
Let g(x) = x**2 - 15*x + 2. Let h be g(12). Let j be (-20)/3*15/(-2). Let q = j + h. What are the prime factors of q?
2
Suppose 3*g - 121 = 2*b, -4*g + 308 = 3*b + 124. Let r = 79 - g. Let v = 51 - r. List the prime factors of v.
3, 5
Let h(q) be the third derivative of -q**6/120 - q**5/12 + q**4/6 - 7*q**3/6 + 4*q**2. Let d be h(-5). Let u = 39 + d. What are the prime factors of u?
2, 3
Let m(n) = n**3 - 7*n**2 - 14*n + 5. List the prime factors of m(9).
41
Let r be (2 + -3)/(2/70). Let d = 66 + r. Let l = 50 - d. What are the prime factors of l?
19
Let q(d) = d + 9. Let i be q(-4). Let u be ((-4)/i)/((-4)/30). Suppose -3*t - 2*h = -u*h - 10, 0 = 3*h - 15. What are the prime factors of t?
2, 5
Let p(f) = 47*f + 10. W